, 61, 101, 277
List the prime factors of 44848113.
3, 19, 41411
What are the prime factors of 31692771?
3, 11, 113, 2833
What are the prime factors of 1962111732?
2, 3, 7, 97, 257, 937
What are the prime factors of 26950286?
2, 11, 73, 97, 173
List the prime factors of 1409954660.
2, 5, 19, 3710407
What are the prime factors of 276349971?
3, 92116657
What are the prime factors of 1014163950?
2, 3, 5, 19, 355847
What are the prime factors of 405404527?
11, 197, 187081
List the prime factors of 2350149774.
2, 3, 7, 853, 65599
What are the prime factors of 2839083627?
3, 946361209
List the prime factors of 1732856462.
2, 167, 5188193
What are the prime factors of 663036058?
2, 5381, 61609
What are the prime factors of 3498145044?
2, 3, 291512087
List the prime factors of 502939941.
3, 7, 479, 49999
What are the prime factors of 1507609878?
2, 3, 17, 14780489
List the prime factors of 2461860874.
2, 11, 761, 147047
List the prime factors of 842160461.
43, 79, 247913
List the prime factors of 1760767227.
3, 73, 297779
What are the prime factors of 1488036758?
2, 13, 17, 43, 59, 1327
List the prime factors of 2619051365.
5, 7, 17, 4401767
List the prime factors of 4958355854.
2, 22483, 110269
List the prime factors of 37652169.
3, 12550723
What are the prime factors of 842960700?
2, 3, 5, 499, 1877
What are the prime factors of 897250782?
2, 3, 149541797
List the prime factors of 42884744.
2, 7, 17, 107, 421
What are the prime factors of 2048068922?
2, 479, 2137859
What are the prime factors of 199603660?
2, 5, 23, 397, 1093
What are the prime factors of 703328345?
5, 140665669
What are the prime factors of 1357424993?
17, 31, 83089
List the prime factors of 194971357.
7, 2053, 13567
What are the prime factors of 54063727?
73, 740599
List the prime factors of 459012671.
13, 41, 127, 6781
List the prime factors of 1798019879.
317, 5671987
What are the prime factors of 50715024?
2, 3, 1056563
What are the prime factors of 175403463?
3, 79, 740099
What are the prime factors of 86304111?
3, 199, 144563
List the prime factors of 431640608.
2, 7, 17, 16193
What are the prime factors of 1369037454?
2, 3, 227, 443, 2269
List the prime factors of 183768038.
2, 19, 193, 25057
What are the prime factors of 369393498?
2, 3, 4441, 4621
List the prime factors of 2292519384.
2, 3, 487, 65381
List the prime factors of 732307709.
7, 19, 5506073
What are the prime factors of 213634423?
19, 31, 362707
List the prime factors of 308149487.
308149487
What are the prime factors of 36209776?
2, 1097, 2063
What are the prime factors of 513915895?
5, 19, 1879, 2879
List the prime factors of 271202123.
271202123
What are the prime factors of 805837917?
3, 53, 113, 44851
What are the prime factors of 3279325706?
2, 71, 23093843
What are the prime factors of 837641076?
2, 3, 37, 101, 18679
List the prime factors of 1000723469.
1000723469
What are the prime factors of 83700652?
2, 7, 2989309
List the prime factors of 1010973072.
2, 3, 89, 2659
List the prime factors of 646594521.
3, 223, 966509
List the prime factors of 6355651506.
2, 3, 19, 55751329
List the prime factors of 303095232.
2, 3, 11, 47837
List the prime factors of 1777447029.
3, 163, 3634861
List the prime factors of 313434855.
3, 5, 6965219
List the prime factors of 409189456.
2, 13, 17, 97, 1193
What are the prime factors of 37933471?
1453, 26107
What are the prime factors of 517659709?
7, 857, 86291
What are the prime factors of 1206781?
1206781
List the prime factors of 106346764.
2, 17, 179, 8737
List the prime factors of 1198170993.
3, 23, 17364797
List the prime factors of 122901885.
3, 5, 61, 44773
List the prime factors of 2875102404.
2, 3, 83, 2886649
List the prime factors of 158814783.
3, 239, 24611
List the prime factors of 50369620.
2, 5, 7, 359783
What are the prime factors of 254702010?
2, 3, 5, 1321, 6427
What are the prime factors of 894425220?
2, 3, 5, 13, 103, 1237
List the prime factors of 399064.
2, 83, 601
List the prime factors of 3870774721.
11, 37, 9510503
What are the prime factors of 100922355?
3, 5, 211, 1181
List the prime factors of 430906959.
3, 7, 499, 1523
List the prime factors of 151686415.
5, 30337283
List the prime factors of 73600657.
13, 5661589
List the prime factors of 5059822420.
2, 5, 107, 181, 13063
What are the prime factors of 833079628?
2, 17, 12251171
What are the prime factors of 2154288391?
2154288391
What are the prime factors of 7739999808?
2, 3, 37, 131, 8317
List the prime factors of 95667350.
2, 5, 23, 41, 2029
What are the prime factors of 949906352?
2, 59369147
What are the prime factors of 11815157?
11815157
List the prime factors of 3628067218.
2, 11969, 151561
What are the prime factors of 89286074?
2, 17, 2626061
What are the prime factors of 250050548?
2, 11, 101, 56267
List the prime factors of 1149953878.
2, 29, 83, 238877
What are the prime factors of 84073053?
3, 59, 349, 1361
List the prime factors of 118152876.
2, 3, 857, 11489
What are the prime factors of 37512562?
2, 1531, 12251
What are the prime factors of 342543961?
342543961
List the prime factors of 91231128.
2, 3, 1031, 1229
List the prime factors of 177682381.
107, 179, 9277
What are the prime factors of 173338624?
2, 101, 419
What are the prime factors of 50034617?
179, 279523
What are the prime factors of 5877516732?
2, 3, 97, 863, 5851
List the prime factors of 876420010.
2, 5, 87642001
List the prime factors of 1137488284.
2, 113, 2516567
List the prime factors of 2788135779.
3, 11, 13, 17, 382303
List the prime factors of 234289935.
3, 5, 11, 157771
What are the prime factors of 1911245726?
2, 13, 73509451
List the prime factors of 26122697.
67, 389891
List the prime factors of 9315008526.
2, 3, 17, 31, 67, 43969
List the prime factors of 211316882.
2, 7, 15094063
What are the prime factors of 5261043454?
2, 61, 449, 96043
What are the prime factors of 148525698?
2, 3, 19, 41, 43, 739
List the prime factors of 227845249.
199, 1144951
What are the prime factors of 43464299?
79, 550181
List the prime factors of 37140712.
2, 7, 509, 1303
What are the prime factors of 46798318?
2, 7, 3342737
List the prime factors of 102506797.
43, 641, 3719
List the prime factors of 844948576.
2, 37, 61, 11699
What are the prime factors of 544773073?
13, 19, 83, 26573
What are the prime factors of 1613107770?
2, 3, 5, 113, 4211
What are the prime factors of 3057490867?
107, 28574681
List the prime factors of 944109063.
3, 89, 229, 5147
What are the prime factors of 211307382?
2, 3, 11, 13, 17, 439
What are the prime factors of 1239615972?
2, 3, 7, 31, 107, 1483
List the prime factors of 3104616698.
2, 59, 109, 281, 859
List the prime factors of 176809313.
1033, 171161
List the prime factors of 81626607.
3, 9069623
What are the prime factors of 26482309?
7, 1459, 2593
What are the prime factors of 106895727?
3, 1697, 2333
List the prime factors of 487539998.
2, 11, 139, 159431
List the prime factors of 6023774839.
19, 317040781
What are the prime factors of 35808491?
35808491
What are the prime factors of 3020524438?
2, 1510262219
List the prime factors of 4223782812.
2, 3, 317, 1110353
What are the prime factors of 22524847?
17, 127, 10433
List the prime factors of 22966499.
523, 43913
What are the prime factors of 171243551?
71, 2411881
What are the prime factors of 1688699681?
10459, 161459
What are the prime factors of 86591289?
3, 28863763
What are the prime factors of 30349652?
2, 7587413
List the prime factors of 7836812864.
2, 17, 193, 37321
List the prime factors of 3159538234.
2, 19, 83145743
What are the prime factors of 2223122708?
2, 17, 32692981
List the prime factors of 8807725.
5, 352309
What are the prime factors of 34321563?
3, 141241
What are the prime factors of 2916281394?
2, 3, 13, 51287
What are the prime factors of 34908584?
2, 331, 13183
List the prime factors of 1507355842.
2, 19, 31, 337, 3797
What are the prime factors of 57793219?
11, 71, 73999
List the prime factors of 387711785.
5, 41, 1891277
What are the prime factors of 135956560?
2, 5, 1699457
What are the prime factors of 77452977?
3, 7, 41, 71, 181
List the prime factors of 1910087402.
2, 955043701
What are the prime factors of 3028375645?
5, 4817, 125737
What are the prime factors of 896026620?
2, 3, 5, 229, 65